{"id":54,"date":"2021-10-11T21:41:51","date_gmt":"2021-10-11T19:41:51","guid":{"rendered":"http:\/\/www.gites-scheidecker.com\/install\/?page_id=54"},"modified":"2025-01-05T09:07:42","modified_gmt":"2025-01-05T08:07:42","slug":"nos-gites","status":"publish","type":"page","link":"http:\/\/www.gites-scheidecker.com\/install\/","title":{"rendered":"Nos g\u00eetes"},"content":{"rendered":"\n<p>Nous vous souhaitons la bienvenue sur le site internet de nos g\u00eetes.<br><br>Nous vous proposons les 3 g\u00eetes suivants :<\/p>\n\n\n\n<div class=\"wp-block-columns is-layout-flex wp-container-core-columns-is-layout-9d6595d7 wp-block-columns-is-layout-flex\">\n<div class=\"wp-block-column is-layout-flow wp-block-column-is-layout-flow\">\n<p class=\"has-text-align-center\"><em><strong>Laurier<\/strong><\/em><\/p>\n\n\n<div class=\"wp-block-image\">\n<figure class=\"aligncenter size-full\"><a href=\"http:\/\/www.gites-scheidecker.com\/install\/index.php\/laurier\/\"><img loading=\"lazy\" decoding=\"async\" width=\"1024\" height=\"768\" src=\"http:\/\/www.gites-scheidecker.com\/install\/wp-content\/uploads\/2024\/01\/2f7a479f-2e2f-4bfd-9ddb-6e6659fa1da6.jpg\" alt=\"\" class=\"wp-image-296\" srcset=\"http:\/\/www.gites-scheidecker.com\/install\/wp-content\/uploads\/2024\/01\/2f7a479f-2e2f-4bfd-9ddb-6e6659fa1da6.jpg 1024w, http:\/\/www.gites-scheidecker.com\/install\/wp-content\/uploads\/2024\/01\/2f7a479f-2e2f-4bfd-9ddb-6e6659fa1da6-300x225.jpg 300w, http:\/\/www.gites-scheidecker.com\/install\/wp-content\/uploads\/2024\/01\/2f7a479f-2e2f-4bfd-9ddb-6e6659fa1da6-768x576.jpg 768w\" sizes=\"auto, (max-width: 706px) 89vw, (max-width: 767px) 82vw, 740px\" \/><\/a><\/figure>\n<\/div><\/div>\n\n\n\n<div class=\"wp-block-column is-layout-flow wp-block-column-is-layout-flow\">\n<p class=\"has-text-align-center\"><em><strong>Edelweiss<\/strong><\/em><\/p>\n\n\n<div class=\"wp-block-image\">\n<figure class=\"aligncenter size-full\"><a href=\"http:\/\/www.gites-scheidecker.com\/install\/index.php\/edelweiss\/\"><img loading=\"lazy\" decoding=\"async\" width=\"2560\" height=\"1920\" src=\"http:\/\/www.gites-scheidecker.com\/install\/wp-content\/uploads\/2021\/11\/DSCN0496-scaled.jpeg\" alt=\"\" class=\"wp-image-70\" srcset=\"http:\/\/www.gites-scheidecker.com\/install\/wp-content\/uploads\/2021\/11\/DSCN0496-scaled.jpeg 2560w, http:\/\/www.gites-scheidecker.com\/install\/wp-content\/uploads\/2021\/11\/DSCN0496-300x225.jpeg 300w, http:\/\/www.gites-scheidecker.com\/install\/wp-content\/uploads\/2021\/11\/DSCN0496-1024x768.jpeg 1024w, http:\/\/www.gites-scheidecker.com\/install\/wp-content\/uploads\/2021\/11\/DSCN0496-768x576.jpeg 768w, http:\/\/www.gites-scheidecker.com\/install\/wp-content\/uploads\/2021\/11\/DSCN0496-1536x1152.jpeg 1536w, http:\/\/www.gites-scheidecker.com\/install\/wp-content\/uploads\/2021\/11\/DSCN0496-2048x1536.jpeg 2048w\" sizes=\"auto, (max-width: 706px) 89vw, (max-width: 767px) 82vw, 740px\" \/><\/a><\/figure>\n<\/div><\/div>\n\n\n\n<div class=\"wp-block-column is-layout-flow wp-block-column-is-layout-flow\">\n<p class=\"has-text-align-center\"><em><strong>Pivoine<\/strong><\/em><\/p>\n\n\n<div class=\"wp-block-image\">\n<figure class=\"aligncenter size-large\"><a href=\"http:\/\/www.gites-scheidecker.com\/install\/index.php\/pivoine\/\"><img loading=\"lazy\" decoding=\"async\" width=\"1024\" height=\"768\" src=\"http:\/\/www.gites-scheidecker.com\/install\/wp-content\/uploads\/2021\/11\/DSCN0581-1024x768.jpeg\" alt=\"\" class=\"wp-image-79\" srcset=\"http:\/\/www.gites-scheidecker.com\/install\/wp-content\/uploads\/2021\/11\/DSCN0581-1024x768.jpeg 1024w, http:\/\/www.gites-scheidecker.com\/install\/wp-content\/uploads\/2021\/11\/DSCN0581-300x225.jpeg 300w, http:\/\/www.gites-scheidecker.com\/install\/wp-content\/uploads\/2021\/11\/DSCN0581-768x576.jpeg 768w, http:\/\/www.gites-scheidecker.com\/install\/wp-content\/uploads\/2021\/11\/DSCN0581-1536x1152.jpeg 1536w, http:\/\/www.gites-scheidecker.com\/install\/wp-content\/uploads\/2021\/11\/DSCN0581-2048x1536.jpeg 2048w\" sizes=\"auto, (max-width: 706px) 89vw, (max-width: 767px) 82vw, 740px\" \/><\/a><\/figure>\n<\/div><\/div>\n<\/div>\n\n\n\n<p class=\"has-text-align-left\">Nous avons achet\u00e9 cette maison \u00e0 colombage typiquement Alsacienne en 1989, nous l&rsquo;avons enti\u00e8rement r\u00e9nov\u00e9 et y avons v\u00e9cu 10 ans avec nos enfants, puis en 1999 nous l&rsquo;avons transform\u00e9 en g\u00eete. Tous les travaux ont \u00e9t\u00e9s r\u00e9alis\u00e9s par nos soins, et en particulier par mon mari tr\u00e8s bricoleur.<br><br>Nous vivons la maison voisine, nous serons donc disponible ais\u00e9ment lors de votre s\u00e9jour.<br>Tr\u00e8s bonne visite !<\/p>\n\n\n\n<p class=\"has-text-align-right\">Pascale et G\u00e9rard Scheidecker<\/p>\n\n\n\n<figure class=\"wp-block-gallery has-nested-images columns-default is-cropped wp-block-gallery-1 is-layout-flex wp-block-gallery-is-layout-flex\">\n<figure class=\"wp-block-image size-large\"><img loading=\"lazy\" decoding=\"async\" width=\"768\" height=\"1024\" data-id=\"199\" src=\"http:\/\/www.gites-scheidecker.com\/install\/wp-content\/uploads\/2022\/01\/PHOTO-2021-07-17-13-13.jpg\" alt=\"\" class=\"wp-image-199\" srcset=\"http:\/\/www.gites-scheidecker.com\/install\/wp-content\/uploads\/2022\/01\/PHOTO-2021-07-17-13-13.jpg 768w, http:\/\/www.gites-scheidecker.com\/install\/wp-content\/uploads\/2022\/01\/PHOTO-2021-07-17-13-13-225x300.jpg 225w\" sizes=\"auto, (max-width: 706px) 89vw, (max-width: 767px) 82vw, 740px\" \/><\/figure>\n\n\n\n<figure class=\"wp-block-image size-large\"><img loading=\"lazy\" decoding=\"async\" width=\"480\" height=\"640\" data-id=\"197\" src=\"http:\/\/www.gites-scheidecker.com\/install\/wp-content\/uploads\/2022\/01\/PHOTO-2021-07-17-13-13-523.jpeg\" alt=\"\" class=\"wp-image-197\" srcset=\"http:\/\/www.gites-scheidecker.com\/install\/wp-content\/uploads\/2022\/01\/PHOTO-2021-07-17-13-13-523.jpeg 480w, http:\/\/www.gites-scheidecker.com\/install\/wp-content\/uploads\/2022\/01\/PHOTO-2021-07-17-13-13-523-225x300.jpeg 225w\" sizes=\"auto, (max-width: 480px) 100vw, 480px\" \/><\/figure>\n\n\n\n<figure class=\"wp-block-image size-large\"><img loading=\"lazy\" decoding=\"async\" width=\"965\" height=\"644\" data-id=\"161\" src=\"http:\/\/www.gites-scheidecker.com\/install\/wp-content\/uploads\/2021\/12\/P1010151.jpg\" alt=\"\" class=\"wp-image-161\" srcset=\"http:\/\/www.gites-scheidecker.com\/install\/wp-content\/uploads\/2021\/12\/P1010151.jpg 965w, http:\/\/www.gites-scheidecker.com\/install\/wp-content\/uploads\/2021\/12\/P1010151-300x200.jpg 300w, http:\/\/www.gites-scheidecker.com\/install\/wp-content\/uploads\/2021\/12\/P1010151-768x513.jpg 768w\" sizes=\"auto, (max-width: 706px) 89vw, (max-width: 767px) 82vw, 740px\" \/><\/figure>\n\n\n\n<figure class=\"wp-block-image size-large\"><img loading=\"lazy\" decoding=\"async\" width=\"1024\" height=\"614\" data-id=\"68\" src=\"http:\/\/www.gites-scheidecker.com\/install\/wp-content\/uploads\/2021\/11\/cropped-GITES-SCHEIDECKER-1024x614.jpeg\" alt=\"\" class=\"wp-image-68\" srcset=\"http:\/\/www.gites-scheidecker.com\/install\/wp-content\/uploads\/2021\/11\/cropped-GITES-SCHEIDECKER-1024x614.jpeg 1024w, http:\/\/www.gites-scheidecker.com\/install\/wp-content\/uploads\/2021\/11\/cropped-GITES-SCHEIDECKER-300x180.jpeg 300w, http:\/\/www.gites-scheidecker.com\/install\/wp-content\/uploads\/2021\/11\/cropped-GITES-SCHEIDECKER-768x461.jpeg 768w, http:\/\/www.gites-scheidecker.com\/install\/wp-content\/uploads\/2021\/11\/cropped-GITES-SCHEIDECKER-1536x922.jpeg 1536w, http:\/\/www.gites-scheidecker.com\/install\/wp-content\/uploads\/2021\/11\/cropped-GITES-SCHEIDECKER.jpeg 2000w\" sizes=\"auto, (max-width: 706px) 89vw, (max-width: 767px) 82vw, 740px\" \/><\/figure>\n<\/figure>\n\n\n\n<figure class=\"wp-block-image size-full\"><img loading=\"lazy\" decoding=\"async\" width=\"965\" height=\"644\" src=\"http:\/\/www.gites-scheidecker.com\/install\/wp-content\/uploads\/2021\/12\/P1010246.jpg\" alt=\"\" class=\"wp-image-160\" srcset=\"http:\/\/www.gites-scheidecker.com\/install\/wp-content\/uploads\/2021\/12\/P1010246.jpg 965w, http:\/\/www.gites-scheidecker.com\/install\/wp-content\/uploads\/2021\/12\/P1010246-300x200.jpg 300w, http:\/\/www.gites-scheidecker.com\/install\/wp-content\/uploads\/2021\/12\/P1010246-768x513.jpg 768w\" sizes=\"auto, (max-width: 706px) 89vw, (max-width: 767px) 82vw, 740px\" \/><\/figure>\n","protected":false},"excerpt":{"rendered":"<p>Nous vous souhaitons la bienvenue sur le site internet de nos g\u00eetes. Nous vous proposons les 3 g\u00eetes suivants : Laurier Edelweiss Pivoine Nous avons achet\u00e9 cette maison \u00e0 colombage typiquement Alsacienne en 1989, nous l&rsquo;avons enti\u00e8rement r\u00e9nov\u00e9 et y avons v\u00e9cu 10 ans avec nos enfants, puis en 1999 nous l&rsquo;avons transform\u00e9 en g\u00eete. &hellip; <\/p>\n<p class=\"link-more\"><a href=\"http:\/\/www.gites-scheidecker.com\/install\/\" class=\"more-link\">Continuer la lecture<span class=\"screen-reader-text\"> de &laquo;&nbsp;Nos g\u00eetes&nbsp;&raquo;<\/span><\/a><\/p>\n","protected":false},"author":1,"featured_media":0,"parent":0,"menu_order":0,"comment_status":"closed","ping_status":"closed","template":"","meta":{"footnotes":""},"class_list":["post-54","page","type-page","status-publish","hentry"],"_links":{"self":[{"href":"http:\/\/www.gites-scheidecker.com\/install\/index.php\/wp-json\/wp\/v2\/pages\/54","targetHints":{"allow":["GET"]}}],"collection":[{"href":"http:\/\/www.gites-scheidecker.com\/install\/index.php\/wp-json\/wp\/v2\/pages"}],"about":[{"href":"http:\/\/www.gites-scheidecker.com\/install\/index.php\/wp-json\/wp\/v2\/types\/page"}],"author":[{"embeddable":true,"href":"http:\/\/www.gites-scheidecker.com\/install\/index.php\/wp-json\/wp\/v2\/users\/1"}],"replies":[{"embeddable":true,"href":"http:\/\/www.gites-scheidecker.com\/install\/index.php\/wp-json\/wp\/v2\/comments?post=54"}],"version-history":[{"count":24,"href":"http:\/\/www.gites-scheidecker.com\/install\/index.php\/wp-json\/wp\/v2\/pages\/54\/revisions"}],"predecessor-version":[{"id":303,"href":"http:\/\/www.gites-scheidecker.com\/install\/index.php\/wp-json\/wp\/v2\/pages\/54\/revisions\/303"}],"wp:attachment":[{"href":"http:\/\/www.gites-scheidecker.com\/install\/index.php\/wp-json\/wp\/v2\/media?parent=54"}],"curies":[{"name":"wp","href":"https:\/\/api.w.org\/{rel}","templated":true}]}}